base 16
257f21
What is 540536 (base 7) in base 8?
267327
-112150 (base 7) to base 11
-14012
Convert 1153324 (base 7) to base 6.
3055331
Convert -1035213 (base 8) to base 16.
-43a8b
-8cbb0b (base 14) to base 4
-102102320133
Convert -7047395 (base 11) to base 6.
-1123132043
Convert -1bee17 (base 15) to base 7.
-14421316
What is 813045 (base 10) in base 12?
332619
What is -31301001030 (base 4) in base 10?
-3608652
Convert -8b157 (base 13) to base 12.
-102428
11000101001010100 (base 2) to base 3
12010110211
What is -46300455 (base 7) in base 6?
-222453203
Convert -3736370 (base 8) to base 9.
-1841747
Convert 45a04 (base 11) to base 5.
4111213
What is 302330000 (base 4) in base 2?
110010111100000000
2981218 (base 12) to base 4
133331233310
Convert -83693 (base 13) to base 3.
-110000000122
2210243124 (base 5) to base 6
250201301
11423112 (base 5) to base 4
122112003
-347674 (base 13) to base 10
-1244611
What is 306752 (base 8) in base 15?
202b1
Convert 31000130 (base 4) to base 3.
2201002012
Convert -3200464 (base 9) to base 2.
-110100010001010100011
What is -396ba (base 16) in base 15?
-49a49
-2572645 (base 10) to base 4
-21310011211
What is -1827175 (base 11) in base 2?
-1011110100100010010011
-15212602 (base 7) to base 13
-3b9590
What is 107706 (base 9) in base 2?
1111110011010101
-975411 (base 10) to base 11
-606928
203a24 (base 15) to base 4
11311310113
Convert 1a3ff6 (base 16) to base 12.
6ab672
What is -6188651 (base 10) in base 8?
-27467153
Convert -553344 (base 6) to base 2.
-1011010001000000
What is 15480a0 (base 13) in base 10?
6815224
What is 373256 (base 11) in base 2?
10010000000001110000
10121011011 (base 3) to base 13
26311
Convert -71671 (base 11) to base 13.
-3880b
Convert -10111102022210 (base 3) to base 12.
-7575b6
What is 11003200221 (base 4) in base 3?
2111022200200
Convert 156626 (base 10) to base 15.
3161b
What is 2b0302 (base 15) in base 7?
23435234
What is -57241 (base 13) in base 12?
-77927
What is 11c2305 (base 13) in base 7?
65065224
145660 (base 8) to base 7
305011
d4000 (base 15) to base 12
284809
Convert 14169 (base 16) to base 11.
56901
-30101136 (base 7) to base 16
-25f62f
Convert 1101011110000011101010 (base 2) to base 5.
1400442421
708003 (base 10) to base 4
2230312203
Convert 500614 (base 8) to base 3.
22100021211
What is -2063751 (base 9) in base 2?
-100001101110010011000
Convert 1011001100111110110 (base 2) to base 9.
618502
Convert -3031302021 (base 4) to base 2.
-11001101110010001001
What is 4327373 (base 11) in base 4?
131001201313
What is -c405c (base 15) in base 6?
-21151223
Convert 389e1 (base 16) to base 13.
8172b
What is -9c39d3 (base 15) in base 12?
-25b5953
-16b8b9 (base 13) to base 7
-4554640
Convert 737990a (base 11) to base 15.
121bb30
1226651 (base 7) to base 3
22001100122
-250e0 (base 15) to base 16
-1ce3f
Convert 4d835 (base 16) to base 9.
533460
What is -12111101002102 (base 3) in base 15?
-3ca4ae
-202002020001 (base 3) to base 15
-7c1c1
316001 (base 8) to base 11
72275
Convert -16768 (base 15) to base 8.
-215544
155370 (base 9) to base 16
1763d
Convert -10030200033 (base 5) to base 11.
-5714948
-34134344 (base 5) to base 3
-120100220202
56107 (base 12) to base 2
11011111000010111
230053445 (base 6) to base 12
14aa285
Convert -775343 (base 10) to base 3.
-1110101120102
-1110001011100001110 (base 2) to base 13
-133658
1101100110110110 (base 2) to base 6
1110010
What is -24560051 (base 8) in base 7?
-64110542
-1431704 (base 8) to base 3
-202122120101
-4b7ccc (base 13) to base 8
-6734526
What is 8b2015 (base 13) in base 15?
44e76c
-812686 (base 12) to base 10
-2015814
13033344 (base 5) to base 7
1040165
What is 280847 (base 10) in base 12?
11663b
2825864 (base 9) to base 12
62a6b7
Convert -47356 (base 11) to base 9.
-113624
433151023 (base 6) to base 14
104aa91
Convert -3302013030 (base 4) to base 15.
-148c7c
-10011011100000000001001 (base 2) to base 15
-6a9b58
Convert -7026671 (base 11) to base 5.
-11141021444
What is -10d86 (base 16) in base 11?
-47926
Convert 4173244 (base 8) to base 9.
2073880
-423553112 (base 6) to base 13
-17146a3
What is -225726 (base 12) in base 6?
-15432450
50120212 (base 6) to base 15
1ccc38
What is 2212255 (base 6) in base 9?
177758
What is 110202120202 (base 3) in base 15?
4e66b
553537 (base 8) to base 7
1403610
What is -1180767 (base 9) in base 13?
-196c42
200107 (base 8) to base 16
10047
Convert -15799 (base 15) to base 10.
-69219
-2815114 (base 9) to base 16
-179566
Convert 17524 (base 14) to base 11.
40066
1386983 (base 10) to base 3
2121110120202
What is 169457 (base 12) in base 5?
44430233
Convert 1112101220001 (base 3) to base 12.
33373a
What is -6405021 (base 10) in base 4?
-120123232131
-398b43 (base 12) to base 8
-3474543
What is 214415401 (base 6) in base 4?
32232033121
-505ad9 (base 16) to base 3
-100220112210010
What is -534431 (base 12) in base 8?
-5006145
Convert -19c8b6 (base 15) to base 2.
-100110010111111111111
1c5288 (base 14) to base 3
1220110122022
-1200100222 (base 3) to base 5
-2024244
-1595653 (base 10) to base 9
-3001737
What is 32581 (base 16) in base 11?
130a23
Convert -16672264 (base 9) to base 14.
-117d802
What is 3a42ad (base 14) in base 11?
1152563
Convert 12313b9 (base 13) to base 9.
11573203
Convert 11211023 (base 5) to base 7.
566525
What is 35035 (base 6) in base 4?
1031333
Convert -2701780 (base 9) to base 14.
-2a66a5
-104400244 (base 6) to base 4
-13033033210
Convert -203b1a (base 14) to base 3.
-2001011210110
What is -228847 (base 9) in base 13?
-4a908
Convert 5752023 (base 9) to base 7.
35250663
What is -10144100 (base 8) in base 12?
-877368
-53514023 (base 6) to base 5
-401040303
-1164460 (base 13) to base 2
-10100100001001111000010
Convert 2320150 (base 8) to base 4.
2122001220
What is -149b465 (base 12) in base 15?
-57ab82
What is 8a6243 (base 11) in base 4?
11200110111
Convert 13023444 (base 6) to base 9.
714611
Convert a17627 (base 11) to base 6.
55014251
Convert -3330322 (base 5) to base 16.
-e364
Convert -155651 (base 11) to base 15.
-4b92d
1032333113 (base 4) to base 8
1167727
What is -2230122 (base 6) in base 10?
-112802
What is -1103133244 (base 5) in base 7?
-26236432
What is 1012022330103 (base 4) in base 5?
14202114044
Convert -55b84 (base 14) to base 9.
-346371
-30b743 (base 16) to base 9
-6005431
Convert -324034110 (base 6) to base 11.
-32a5242
What is 11222221201 (base 3) in base 5?
11122010
What is -1b2380 (base 15) in base 13?
-374715
What is -7587 (base 15) in base 4?
-12010231
What is 1111010110011010001 (base 2) in base 7?
4163311
Convert -13404602 (base 9) to base 12.
-2271278
-cbc061 (base 13) to base 12
-1733656
What is -1219321 (base 11) in base 3?
-10222202000022
What is -184777 (base 10) in base 6?
-3543241
What is -7bcd0 (base 16) in base 8?
-1736320
5786939 (base 10) to base 7
100121354
-200100220001 (base 3) to base 10
-361504
Convert be076 (base 15) to base 7.
5064423
Convert 51eea0 (base 15) to base 5.
1444214200
Convert -407c59 (base 15) to base 4.
-23230001211
-8822a (base 12) to base 14
-49878
-310124034 (base 5) to base 6
-42521410
Convert -391de (base 15) to base 5.
-21321214
What is 1130011113 (base 4) in base 2?
1011100000101010111
What is 8058b (base 12) in base 3?
22110200122
What is -35c5cc (base 13) in base 4?
-10321133131
1011010101011100110101 (base 2) to base 6
143404405
a8a7 (base 13) to base 5
1222314
-175cfb (base 16) to base 10
-1531131
Convert -5b46 (base 15) to base 11.
-13651
316324 (base 7) to base 13
1c093
Convert 11441401 (base 6) to base 8.
1305351
Convert -36511104 (base 8) to base 11.
-4597209
Convert 14051434 (base 7) to base 5.
313303313
-190b0a (base 13) to base 16
-99dc3
What is dc6f2 (base 16) in base 7?
10450233
What is -290977 (base 10) in base 4?
-1013002201
-101001100100010110101 (base 2) to base 6
-45110005
What is 242642 (base 8) in base 2?
10100010110100010
What is 226734 (base 9) in base 4?
201100000
What is -101000000100 (base 2) in base 9?
-3458
Convert -d9aac (base 15) to base 12.
-293a00
-5030050 (base 6) to base 14
-6262a
What is -31529 (base 15) in base 14?
-41006
-280775 (base 10) to base 9
-467132
What is -8542bc (base 13) in base 5?
-1244404210
124389 (base 11) to base 15
3d197
What is -1031022221 (base 4) in base 9?
-531512
Convert 3210323400 (b